 v be ((-6)/4)/((-1)/6). Let d(n) = 17*n**2 + 8*n + 15. Let u(l) = 8*l**2 + 4*l + 7. Let h(g) = v*u(g) - 4*d(g). What are the prime factors of h(-3)?
3
Let b = 23035 - -32475. What are the prime factors of b?
2, 5, 7, 13, 61
Suppose -376*w - 234825 = -679*w. What are the prime factors of w?
5, 31
Suppose 6 = -3*l, -2*s + 3*l = 70 - 228. Suppose 0*f + 1908 = 12*f. Let t = f - s. What are the prime factors of t?
83
Let l(x) = 48*x**3 + 6*x**2 - 3*x + 48. List the prime factors of l(5).
3, 229
Suppose 7*b = 4*b - 6, -4*b = -3*h + 16856. List the prime factors of h.
2, 3, 13
Let y(b) = b**2 + 8*b - 20. Let q be y(-8). Let c = -31 - q. Let k = c + 41. What are the prime factors of k?
2, 3, 5
Let o(c) = -c - 6. Suppose 3*m - 19 + 37 = 0. Let v be o(m). Suppose -b + 40 + 28 = v. List the prime factors of b.
2, 17
Suppose 2*d - u - 7380 = 3*u, 0 = -2*u + 6. List the prime factors of d/(-12)*(33/(-12) + -1).
3, 5, 7, 11
Suppose -26*r + 128 = -10*r. Suppose -5*k + 238 = -4*g, k - 62 = 4*g - r. What are the prime factors of k?
2, 23
Suppose 3*r - 210*q + 211*q = 151604, -q = 4*r - 202138. List the prime factors of r.
2, 11, 2297
Let a(y) = -196 + 263 + 27*y + 6*y. What are the prime factors of a(11)?
2, 5, 43
Suppose 2*j + 39 - 167 = d, j - 74 = -2*d. What are the prime factors of (4/(-10))/(32/(-2280))*j?
3, 11, 19
Let g = 11459 + -5973. List the prime factors of g.
2, 13, 211
Let k(s) = -5*s - 35. Let h be k(-10). What are the prime factors of (h/(-20)*-159)/(1/4)?
3, 53
Let s be 73929/38*2/3. Let k = -870 + s. What are the prime factors of k?
7, 61
Suppose 2*q - q - 9502 = 2*m, 2*q - 18998 = -2*m. List the prime factors of q.
2, 5, 19
Suppose 0 = -5*m + 59 + 6. Suppose 7*q - 27 = -m. List the prime factors of (-57 + q)*(-1)/(-2)*-2.
5, 11
Let w(q) = -q**2 + 2*q - 13. Let s = 82 - 74. Let n be w(s). Let z = n + 136. What are the prime factors of z?
3, 5
Let j(t) = 7*t**2 + t + 1. Suppose 0 = -3*f - 5 - 1. Let i be f/(-15) - (-43)/15. What are the prime factors of j(i)?
67
Let p(r) = 2*r - 41. Let z be ((-4)/10)/(5/(-150)). Let g be p(z). What are the prime factors of 1*2 + (-1037)/g?
3, 7
Let v be (-2)/((-6)/(-9)) - (5 + -60). Let s = v - 47. Suppose -4*l - s = -21, 2*h - 4*l = 30. List the prime factors of h.
23
Let m(r) = -r**2 - 2*r + 6. Let l be m(-3). Suppose 0 = l*p - 13*p + 7240. What are the prime factors of p?
2, 181
Let j = 47553 + 8590. List the prime factors of j.
23, 2441
What are the prime factors of 2265/(-10)*(-736)/24 - 3?
53, 131
Suppose -17 = l - 22. Suppose 0 = 4*v - 4, 5*w - l*v + 6*v = 76. List the prime factors of w.
3, 5
Let t be (-2)/((-14)/(-3)) - 7104/(-112). Suppose -2*o + 35 = -3*b, 4*o + 5*b - 4*b = t. Suppose -22*u + 26*u - o = 0. What are the prime factors of u?
2
Let o = 14 - -15. Let r be 5/(213/90 + (-4)/(-30)). Suppose r*n + o = 125. What are the prime factors of n?
2, 3
List the prime factors of ((-288)/27)/(-16)*(2 + 75437/2).
25147
Let v = -219 + 219. Suppose v = 1390*g - 1397*g + 2303. What are the prime factors of g?
7, 47
Let b(k) = k**2 + 10*k + 23. Let r be b(-9). Suppose r*d - 2139 = 1683. List the prime factors of d.
3, 7, 13
Suppose 0 = -3*m + 4*z + 56, -3*z - 51 = 2*m - 5*m. Suppose 0 = -m*q + 33*q - 14448. What are the prime factors of q?
2, 43
Let t(k) = 183*k - 20. Let d be t(12). Let o = d - 673. Suppose 12*s - 1905 - o = 0. What are the prime factors of s?
2, 71
What are the prime factors of 5952 + 2/2 + -2*(-3 + 4)?
11, 541
Let b be ((-1)/(-3))/((-4)/(-264)) + -2. Let x = 10 - b. List the prime factors of ((-5)/(x - 0))/((-1)/(-498)).
3, 83
List the prime factors of ((-338482)/(-7) - (-6)/14)*(-14)/(-35).
2, 19, 509
Let r(x) = 467*x + 479. What are the prime factors of r(9)?
2, 2341
Let f(v) = -4*v + 15. Let l be f(3). Suppose s + 4*t = 1024, -7*s + l*s + 4*t = -3996. List the prime factors of s.
2, 251
Let i(q) = 34*q**2 + q + 1. Let r be i(2). Let k = 27 + 118. Suppose f - 4*t - k = 0, -f - 6*t = -4*t - r. What are the prime factors of f?
3, 47
Suppose 9*x - 5 = 5*r + 4*x, -20 = -4*x. Suppose 2*p + 0*q = -3*q + 384, -p + r*q + 214 = 0. Let l = p + -131. List the prime factors of l.
67
Let w = -31734 - -85055. List the prime factors of w.
71, 751
Suppose 167*y - 1033527 = 1259884. What are the prime factors of y?
31, 443
Suppose -79183 = 9*c - 22*c. What are the prime factors of c/9 + (-8)/(-36)?
677
Let f(b) = 2*b**2 + 10*b - 9. Let q be f(-6). Suppose 0 = -q*p - 30 + 24. List the prime factors of (p - (-7)/2)/(2/132).
3, 11
Let y = 4979 - 754. List the prime factors of y.
5, 13
Let s be 0/17*(-2 - -3)*-1. Suppose s = -14*a + 31*a - 12699. What are the prime factors of a?
3, 83
Suppose 5*h + 2*u - 30 = 0, -30 = -5*h - u + 4*u. Suppose h*x = x - x. Suppose x = 12*r + 90 - 846. List the prime factors of r.
3, 7
Suppose -5*s + 57746 = 3*c, 2*s = 39*c - 36*c + 23111. List the prime factors of s.
11551
Let f(l) = 4*l**2 + 4. Let m be f(0). Suppose -2*d = m*h - 5*d - 4895, -d = -2*h + 2449. List the prime factors of h.
2, 613
Suppose 2*f = 3*f + 5*m, -f = -m. Suppose -3*c = 2*u - c + 2, f = u - c - 5. Suppose 0 = 5*l + 2*q - 506, 123 + 179 = 3*l + u*q. List the prime factors of l.
2, 3, 17
Let u be (-3)/(25/(-5) - -4). Suppose -4*m = 3*g + 146 - 1468, 0 = -2*g + u*m + 870. Let p = g + -247. List the prime factors of p.
191
Suppose 137 = 11*o - 83. Suppose 26*u = 21*u + o. Suppose -u*j + c + 543 = 0, -j - 3*j + 546 = -2*c. List the prime factors of j.
3, 5
Let g = 18 + -21. Let o be (-2)/(-2)*g*-1. What are the prime factors of o/15 + 1883/35?
2, 3
Let b(r) = -1148*r**3 + 6*r**2 - 19*r - 56. List the prime factors of b(-2).
2, 5, 919
Suppose 0 = -63*i - 64180 + 297406. What are the prime factors of i?
2, 3, 617
Let k be ((-8)/16)/(1/(-10)). Suppose p = -3*a + 3130, 3*a + k*p - 3206 = -96. Suppose -a - 517 = -11*u. List the prime factors of u.
2, 71
Let s = 81 + -75. Suppose s*m - 3532 = -1048. What are the prime factors of m?
2, 3, 23
Let t = 7597 - 1781. What are the prime factors of t?
2, 727
Let w = 40549 - 18756. List the prime factors of w.
19, 31, 37
Suppose q = 4*r + 80, -q + 4 = -0*q. Let b(i) = i**2 - i - 37. List the prime factors of b(r).
7
Suppose 2*q - 114 = 98. Suppose 2*y - q = 5*s - 3*s, s = -2*y + 91. What are the prime factors of y?
2, 3
Let j be ((-3)/4 - -4) + (-6)/(-8). Suppose -2*g - 211 = 3*a - 870, j*a = g + 875. List the prime factors of a.
3, 73
Let f(t) = -t**3 + 14*t**2 - 5*t + 56. What are the prime factors of f(12)?
2, 71
Let b = -36 - -41. Suppose -168 = b*a - 553. Suppose a = 7*n - 77. What are the prime factors of n?
2, 11
Suppose 0 = -13*r + 6*r - 616. Let j be (-5560)/r + 2/(-11). What are the prime factors of (-726)/(-10) - j/105?
2, 3
Let g(t) be the first derivative of 70*t**3/3 + 7*t**2/2 + 18*t + 163. What are the prime factors of g(-3)?
3, 11, 19
Let v(u) = 14*u + 97. Let q = 125 + -102. What are the prime factors of v(q)?
419
Suppose -4*n + 20 = 2*x, 0 = -25*x + 28*x - 6. Suppose 2*o = n*q - 1358 - 402, -5*o = 2*q - 880. List the prime factors of q.
2, 5, 11
Let m = -324 + 326. Suppose -m*p + 355 + 1053 = 0. What are the prime factors of p?
2, 11
Let d = 136 - 141. What are the prime factors of (-3)/d + (-15633)/(-45)?
2, 3, 29
Let s(h) = 13*h + 15. Let b be s(0). Suppose b*l = 22*l - 9562. List the prime factors of l.
2, 683
List the prime factors of (-431850)/18*(-27)/15.
3, 5, 2879
Let x = 441 - 421. Suppose 0 = -5*j - x, 23*c + 4*j + 1924 = 24*c. What are the prime factors of c?
2, 3, 53
Let g(w) = -w - 13. Let v be g(-16). Suppose 5*m - 3042 - 1797 = v*k, 5*k = 4*m - 3879. What are the prime factors of m?
2, 3, 7, 23
Let u be (-92)/(-6)*2475/(-22). Let o = -1156 - u. List the prime factors of o.
569
Suppose -t = 2*s - 7, s + 2*t + t + 9 = 0. Suppose s*i + 36828 = -16218. What are the prime factors of 2/(-6) + i/(-63)?
2, 5, 7
Let f(v) = 1574*v**2 + 58703. List the prime factors of f(0).
47, 1249
Suppose -12*l = -2*l + 20. List the prime factors of 1*4 - (-7 + l + -348).
19
Let t(g) = 1 + 1 + 2 - 2*g + 0*g**2 + g**2. Let q be t(2). Suppose 2*x + q*x = 306. List the prime factors of x.
3, 17
Suppose -5*b + 1929 + 1091 = 0. Suppose 4*s - 168 - 48 = -v, -3*v + 608 = 2*s. Suppose g + i - v = 0, 3*g + 4*i - b - 1 = 0. List the prime factors of g.
3, 5, 13
Let